2 + -10202020001101?
-10202020001110
In base 7, what is -13663 + 142?
-13521
In base 11, what is 11 - 364a?
-3639
In base 10, what is 75217 + 0?
75217
In base 16, what is 0 - 1636c?
-1636c
In base 14, what is 2 - -8d719?
8d71b
In base 7, what is -3430 - -5?
-3422
In base 12, what is -199b3 - -4?
-199ab
In base 16, what is -1 + c305?
c304
In base 16, what is -5 + -3e3fb?
-3e400
In base 4, what is 202133 - 22?
202111
In base 14, what is 14a + -a6?
84
In base 14, what is -6838 - -43?
-67d5
In base 8, what is -4 + 173424?
173420
In base 7, what is 436 + 26430?
30166
In base 8, what is -32252 + -132?
-32404
In base 5, what is 10 - 14304144?
-14304134
In base 7, what is -103 + 120124?
120021
In base 3, what is 10202210220 - -1?
10202210221
In base 8, what is 11161 - 7?
11152
In base 13, what is 2 - ca3a?
-ca38
In base 11, what is -2 - a857?
-a859
In base 11, what is a77 + -13?
a64
In base 8, what is 15575 - 112?
15463
In base 16, what is 5 - -a3170?
a3175
In base 16, what is 4f - -1415?
1464
In base 9, what is 72634 + 32?
72666
In base 10, what is 52950 - -42?
52992
In base 15, what is 88 - 3d9?
-351
In base 6, what is 2553210 + -4?
2553202
In base 10, what is -60 - 422?
-482
In base 3, what is -10 + 10020122111?
10020122101
In base 8, what is -3 + -60407?
-60412
In base 6, what is 3015 - -24150?
31205
In base 9, what is 327 - 3270?
-2842
In base 16, what is 136 - 10d3?
-f9d
In base 3, what is -10 - -11211002?
11210222
In base 15, what is -3 + -3916?
-3919
In base 6, what is 3150552 - 2?
3150550
In base 14, what is -4 - -13b30d?
13b309
In base 5, what is 110213 - -412?
111130
In base 15, what is 3 - -12eb2?
12eb5
In base 7, what is -36 - 15216?
-15255
In base 11, what is -2233 + -21?
-2254
In base 8, what is 4 - 266043?
-266037
In base 6, what is 11143 - -145?
11332
In base 9, what is -1016 + -4336?
-5353
In base 13, what is -5 + 156?
151
In base 9, what is -4 + -223133?
-223137
In base 16, what is -5e + 15?
-49
In base 11, what is -196503 - 1?
-196504
In base 2, what is -11 - 11110111101111?
-11110111110010
In base 2, what is 11 - 1100010100001110100?
-1100010100001110001
In base 12, what is -33 + 53958?
53925
In base 5, what is 0 - 20101033?
-20101033
In base 13, what is 11851 - 0?
11851
In base 8, what is 6414 + -15?
6377
In base 2, what is 10001010111101 - -1001011?
10001100001000
In base 5, what is -14 + -410102?
-410121
In base 3, what is -1112 - -2001211?
2000022
In base 16, what is 1c - 21?
-5
In base 11, what is 0 - -46a316?
46a316
In base 10, what is -5 - 8962?
-8967
In base 7, what is -560031 - 2?
-560033
In base 2, what is -1001100010111001 - -110?
-1001100010110011
In base 2, what is -10100010101100 - -101?
-10100010100111
In base 7, what is -3 - 11563404?
-11563410
In base 11, what is 1 + -174313?
-174312
In base 14, what is -1c + -1802b?
-18049
In base 8, what is 54 + 326?
402
In base 6, what is -445 + 50351?
45502
In base 12, what is bbb51 + a?
bbb5b
In base 5, what is 440440112 + -1?
440440111
In base 16, what is -1 - aacd2?
-aacd3
In base 8, what is -1642 - 47?
-1711
In base 10, what is -6 + -2167?
-2173
In base 14, what is -4 - 22d55?
-22d59
In base 8, what is -74734 - -3?
-74731
In base 9, what is 5533 + 11?
5544
In base 7, what is 3 + 42020?
42023
In base 16, what is -5 - 1f12a?
-1f12f
In base 3, what is 21001 - 1012211?
-221210
In base 15, what is 11 - -39d4d?
39d5e
In base 3, what is -111200122 + 1?
-111200121
In base 10, what is -291874 + 0?
-291874
In base 2, what is 100100101101 - 1?
100100101100
In base 16, what is 142d + 104?
1531
In base 8, what is 2310 + -311?
1777
In base 12, what is 2522 + -16?
2508
In base 2, what is -110110001100 - 111?
-110110010011
In base 5, what is -2 - 3031222?
-3031224
In base 2, what is 101001 + 100101000?
101010001
In base 13, what is -9856 - 9?
-9862
In base 13, what is b + 4c9a?
4ca8
In base 16, what is -1eff33 - 0?
-1eff33
In base 2, what is -10111001010001 - -110111?
-10111000011010
In base 16, what is -26a - -796?
52c
In base 4, what is 1203 - -320122?
321331
In base 4, what is -3 - -120021323?
120021320
In base 14, what is -5348 + -15?
-535d
In base 15, what is e476e + 5?
e4774
In base 12, what is 11992 - 16?
11978
In base 11, what is -733 - 206?
-939
In base 5, what is 2 + 10333?
10340
In base 10, what is -195 - -37370?
37175
In base 9, what is -4 - -130?
125
In base 13, what is -4 + 5822?
581b
In base 12, what is 8 + -22595?
-22589
In base 3, what is 2100 - -102222?
112022
In base 8, what is 42 - -220?
262
In base 5, what is 1033023131 - -4?
1033023140
In base 4, what is 3 - 12002211?
-12002202
In base 16, what is -1423 + 101?
-1322
In base 8, what is -15 - 2717?
-2734
In base 8, what is -5150216 - 2?
-5150220
In base 2, what is 1001 + -110011111000100?
-110011110111011
In base 10, what is -80422 + 20?
-80402
In base 14, what is 2a6a9 + 5?
2a6b0
In base 3, what is 21 + 102111112?
102111210
In base 8, what is -122 - -5?
-115
In base 6, what is -22205 - -41?
-22124
In base 3, what is -1120 - 10010000?
-10011120
In base 13, what is -1136 + -3?
-1139
In base 2, what is -1011 + -10000101100010110?
-10000101100100001
In base 12, what is -33 - 5802b?
-58062
In base 2, what is 110001111110 + -10011111?
101111011111
In base 4, what is 202 - -212202?
213010
In base 3, what is 122 + -12201201201?
-12201201002
In base 11, what is 1 - -6142?
6143
In base 6, what is 4520 + 332?
5252
In base 11, what is 434 - 8?
427
In base 4, what is 1131 + -11033310?
-11032113
In base 10, what is -394 + 354?
-40
In base 13, what is 14 + -a39a?
-a386
In base 7, what is -426 + 52032?
51303
In base 11, what is -12a480 - -17?
-12a464
In base 4, what is 2 + -3010102?
-3010100
In base 3, what is -2112010 + 2202200?
20120
In base 13, what is 40c - a8c?
-680
In base 16, what is 76 - -9c4?
a3a
In base 12, what is 86 + -2684?
-25ba
In base 5, what is 22 - -13342?
13414
In base 6, what is -5102 - -505?
-4153
In base 12, what is -32925 - -5?
-32920
In base 8, what is -4132 - -106?
-4024
In base 11, what is 4 - -7798?
77a1
In base 9, what is -3856 + 57?
-3788
In base 3, what is -20200110210 + 2?
-20200110201
In base 8, what is 145 + 1113?
1260
In base 14, what is 3d4 + -a0?
334
In base 15, what is 8 + -3553?
-354a
In base 7, what is 122 - 3144?
-3022
In base 6, what is 1254044 - 1?
1254043
In base 10, what is -3 + -144565?
-144568
In base 11, what is -3 + 576a5?
576a2
In base 2, what is -10001111 + -1111010101?
-10001100100
In base 16, what is -1001d + 1?
-1001c
In base 2, what is -101100101011110011010 + -11?
-101100101011110011101
In base 5, what is 100 + 100111?
100211
In base 4, what is 132332 - 0?
132332
In base 15, what is -5 - 12cc7?
-12ccc
In base 8, what is -13 - -1150501?
1150466
In base 14, what is 84 + -4dc?
-458
In base 4, what is 100120100 - -102?
100120202
In base 8, what is -430 + 4065?
3435
In base 11, what is 47 + -675?
-629
In base 13, what is -23 + 9246?
9223
In base 4, what is 3323 + -101302?
-31313
In base 6, what is -1 + -1133140?
-1133141
In base 2, what is -10 - 1000010001100010110?
-1000010001100011000
In base 2, what is -101000000 + -1101000?
-110101000
In base 4, what is -2321130013 - 1?
-2321130020
In base 9, what is -83 - 6103?
-6186
In base 11, what is -26 + -8007a?
-800a5
In base 5, what is 130 - -2212?
2342
In base 3, what is -201 - -1102211?
1102010
In base 15, what is -d3 + 4632?
454e
In base 12, what is -657 + 56?
-601
In base 16, what is 54e - 698?
-14a
In base 14, what is c + 6b8?
6c6
In base 13, what is -6b39a7 - 0?
-6b39a7
In base 5, what is 31 + -4200333?
-4200302
In base 2, what is -111101100010000 - 10010?
-111101100100010
In base 15, what is -3 - -553?
550
In base 11, what is 832948 - 4?
832944
In base 3, what is -1100000010 + -21?
-1100000101
In base 13, what is -2110 + 48?
-2095
In base 10, what is -3 + -96536?
-96539
In base 13, what is -1a9 + -262?
-43b
In base 3, what is -112100 + -121?
-112221
In base 6, what is -2242133 - 12?
-2242145
In base 7, what is 12124 + -33?
12061
In base 4, what is -331 - 120022?
-121013
In base 2, what is -1000101 + 111111000?
110110011
In base 16, what is -1a6 + -6c?
-212
In base 7, what is -5550 + 6?
-5541
In base 7, what is -6 + 14121?
14112
In base 5, what is -121103 + -101?
-121204
In base 4, what is 2110 + 23320?
32030
In base 10, what is